{"id":47,"date":"2023-03-14T11:08:44","date_gmt":"2023-03-14T11:08:44","guid":{"rendered":"https:\/\/p3-consult.com\/?page_id=47"},"modified":"2023-03-14T11:10:34","modified_gmt":"2023-03-14T11:10:34","slug":"widerrufsbelehrung","status":"publish","type":"page","link":"https:\/\/p3-consult.com\/?page_id=47","title":{"rendered":"Widerrufsbelehrung"},"content":{"rendered":"\t\t<div data-elementor-type=\"wp-page\" data-elementor-id=\"47\" class=\"elementor elementor-47\">\n\t\t\t\t\t\t<section class=\"elementor-section elementor-top-section elementor-element elementor-element-c3d9c86 elementor-section-boxed elementor-section-height-default elementor-section-height-default\" data-id=\"c3d9c86\" data-element_type=\"section\" data-e-type=\"section\">\n\t\t\t\t\t\t<div class=\"elementor-container elementor-column-gap-default\">\n\t\t\t\t\t<div class=\"elementor-column elementor-col-100 elementor-top-column elementor-element elementor-element-c4e794c\" data-id=\"c4e794c\" data-element_type=\"column\" data-e-type=\"column\">\n\t\t\t<div class=\"elementor-widget-wrap elementor-element-populated\">\n\t\t\t\t\t\t<div class=\"elementor-element elementor-element-b031ceb elementor-widget elementor-widget-text-editor\" data-id=\"b031ceb\" data-element_type=\"widget\" data-e-type=\"widget\" data-widget_type=\"text-editor.default\">\n\t\t\t\t<div class=\"elementor-widget-container\">\n\t\t\t\t\t\t\t\t\t<h1>Widerrufsbelehrung &amp; Widerrufsformular<\/h1>\n<p>Verbrauchern steht ein Widerrufsrecht nach folgender Ma\u00dfgabe zu, \nwobei Verbraucher jede nat\u00fcrliche Person ist, die ein Rechtsgesch\u00e4ft zu \nZwecken abschlie\u00dft, die \u00fcberwiegend weder ihrer gewerblichen noch ihrer \nselbst\u00e4ndigen beruflichen T\u00e4tigkeit zugerechnet werden k\u00f6nnen:<\/p>\n<h2>A. Widerrufsbelehrung<\/h2>\n<h3>Widerrufsrecht<\/h3>\n<p>Sie haben das Recht, binnen vierzehn Tagen ohne Angabe von Gr\u00fcnden diesen Vertrag zu widerrufen.<\/p>\n<p>Die Widerrufsfrist betr\u00e4gt vierzehn Tage ab dem Tag, an dem Sie oder \nein von Ihnen benannter Dritter, der nicht der Bef\u00f6rderer ist, die \nletzte Ware in Besitz genommen haben bzw. hat.<\/p>\n<p>Um Ihr Widerrufsrecht auszu\u00fcben, m\u00fcssen Sie uns (p3consult, Hebelstr. 10, 76337 Waldbronn, Deutschland, \nTel.: 07234 \/ 9490-756, E-Mail: info@ep3-consult.com) mittels \neiner eindeutigen Erkl\u00e4rung (z. B. ein mit der Post versandter Brief \noder E-Mail) \u00fcber Ihren Entschluss, diesen Vertrag zu widerrufen, \ninformieren. Sie k\u00f6nnen daf\u00fcr das beigef\u00fcgte Muster-Widerrufsformular \nverwenden, das jedoch nicht vorgeschrieben ist.<\/p>\n<p>Zur Wahrung der Widerrufsfrist reicht es aus, dass Sie die Mitteilung\n \u00fcber die Aus\u00fcbung des Widerrufsrechts vor Ablauf der Widerrufsfrist \nabsenden.<\/p>\n<h3>Folgen des Widerrufs<\/h3>\n<p>Wenn Sie diesen Vertrag widerrufen, haben wir Ihnen alle Zahlungen, \ndie wir von Ihnen erhalten haben, einschlie\u00dflich der Lieferkosten (mit \nAusnahme der zus\u00e4tzlichen Kosten, die sich daraus ergeben, dass Sie eine\n andere Art der Lieferung als die von uns angebotene, g\u00fcnstigste \nStandardlieferung gew\u00e4hlt haben), unverz\u00fcglich und sp\u00e4testens binnen \nvierzehn Tagen ab dem Tag zur\u00fcckzuzahlen, an dem die Mitteilung \u00fcber \nIhren Widerruf dieses Vertrags bei uns eingegangen ist. F\u00fcr diese \nR\u00fcckzahlung verwenden wir dasselbe Zahlungsmittel, das Sie bei der \nurspr\u00fcnglichen Transaktion eingesetzt haben, es sei denn, mit Ihnen \nwurde ausdr\u00fccklich etwas anderes vereinbart; in keinem Fall werden Ihnen\n wegen dieser R\u00fcckzahlung Entgelte berechnet. Wir k\u00f6nnen die R\u00fcckzahlung\n verweigern, bis wir die Waren wieder zur\u00fcckerhalten haben oder bis Sie \nden Nachweis erbracht haben, dass Sie die Waren zur\u00fcckgesandt haben, je \nnachdem, welches der fr\u00fchere Zeitpunkt ist.<\/p>\n<p>Sie haben die Waren unverz\u00fcglich und in jedem Fall sp\u00e4testens binnen \nvierzehn Tagen ab dem Tag, an dem Sie uns \u00fcber den Widerruf dieses \nVertrags unterrichten, an uns zur\u00fcckzusenden oder zu \u00fcbergeben. Die \nFrist ist gewahrt, wenn Sie die Waren vor Ablauf der Frist von vierzehn \nTagen absenden.<\/p>\n<p>Sie tragen die unmittelbaren Kosten der R\u00fccksendung der Waren.<\/p>\n<p>Sie m\u00fcssen f\u00fcr einen etwaigen Wertverlust der Waren nur aufkommen, \nwenn dieser Wertverlust auf einen zur Pr\u00fcfung der Beschaffenheit, \nEigenschaften und Funktionsweise der Waren nicht notwendigen Umgang mit \nihnen zur\u00fcckzuf\u00fchren ist.<\/p>\n<h2>B. Widerrufsformular<\/h2>\n<p>Wenn Sie den Vertrag widerrufen wollen, dann f\u00fcllen Sie bitte dieses Formular aus und senden es zur\u00fcck.<\/p>\n<p>An<\/p>\n<p>p3consult<br>Hebelstr. 10<br>76337 Waldbronn<br>\nDeutschland<br>\nE-Mail: info@p3-consult.com<\/p>\n<p>Hiermit widerrufe(n) ich\/wir (*) den von mir\/uns (*) abgeschlossenen \nVertrag \u00fcber den Kauf der folgenden Waren (*)\/die Erbringung der \nfolgenden Dienstleistung (*)<\/p>\n<p>_______________________________________________________<\/p>\n<p>_______________________________________________________<\/p>\n<p>Bestellt am (*) ____________ \/ erhalten am (*) __________________<\/p>\n<p>________________________________________________________<br>\nName des\/der Verbraucher(s)<\/p>\n<p>________________________________________________________<br>\nAnschrift des\/der Verbraucher(s)<\/p>\n<p>________________________________________________________<br>\nUnterschrift des\/der Verbraucher(s) (nur bei Mitteilung auf Papier)<\/p>\n<p>_________________________<br>\nDatum<\/p>\n<p>(*) Unzutreffendes streichen<\/p><p><\/p>\t\t\t\t\t\t\t\t<\/div>\n\t\t\t\t<\/div>\n\t\t\t\t\t<\/div>\n\t\t<\/div>\n\t\t\t\t\t<\/div>\n\t\t<\/section>\n\t\t\t\t<\/div>\n\t\t","protected":false},"excerpt":{"rendered":"<p>Widerrufsbelehrung &amp; Widerrufsformular Verbrauchern steht ein Widerrufsrecht nach folgender Ma\u00dfgabe zu, wobei Verbraucher jede nat\u00fcrliche Person ist, die ein Rechtsgesch\u00e4ft zu Zwecken abschlie\u00dft, die \u00fcberwiegend weder ihrer gewerblichen noch ihrer selbst\u00e4ndigen beruflichen T\u00e4tigkeit zugerechnet werden k\u00f6nnen: A. Widerrufsbelehrung Widerrufsrecht Sie haben das Recht, binnen vierzehn Tagen ohne Angabe von Gr\u00fcnden diesen Vertrag zu widerrufen. Die [&hellip;]<\/p>\n","protected":false},"author":1,"featured_media":0,"parent":0,"menu_order":0,"comment_status":"closed","ping_status":"closed","template":"","meta":{"footnotes":""},"class_list":["post-47","page","type-page","status-publish","hentry"],"_links":{"self":[{"href":"https:\/\/p3-consult.com\/index.php?rest_route=\/wp\/v2\/pages\/47","targetHints":{"allow":["GET"]}}],"collection":[{"href":"https:\/\/p3-consult.com\/index.php?rest_route=\/wp\/v2\/pages"}],"about":[{"href":"https:\/\/p3-consult.com\/index.php?rest_route=\/wp\/v2\/types\/page"}],"author":[{"embeddable":true,"href":"https:\/\/p3-consult.com\/index.php?rest_route=\/wp\/v2\/users\/1"}],"replies":[{"embeddable":true,"href":"https:\/\/p3-consult.com\/index.php?rest_route=%2Fwp%2Fv2%2Fcomments&post=47"}],"version-history":[{"count":4,"href":"https:\/\/p3-consult.com\/index.php?rest_route=\/wp\/v2\/pages\/47\/revisions"}],"predecessor-version":[{"id":51,"href":"https:\/\/p3-consult.com\/index.php?rest_route=\/wp\/v2\/pages\/47\/revisions\/51"}],"wp:attachment":[{"href":"https:\/\/p3-consult.com\/index.php?rest_route=%2Fwp%2Fv2%2Fmedia&parent=47"}],"curies":[{"name":"wp","href":"https:\/\/api.w.org\/{rel}","templated":true}]}}